{"id":921,"date":"2026-02-15T22:57:13","date_gmt":"2026-02-15T21:57:13","guid":{"rendered":"https:\/\/cresem.es\/fundacion\/?page_id=921"},"modified":"2026-02-15T23:38:21","modified_gmt":"2026-02-15T22:38:21","slug":"proyectos-aprobados-2","status":"publish","type":"page","link":"https:\/\/cresem.es\/fundacion\/?page_id=921","title":{"rendered":"PROYECTOS APROBADOS"},"content":{"rendered":"\n<div style=\"height:150px\" aria-hidden=\"true\" class=\"wp-block-spacer\"><\/div>\n\n\n\n<p>Proyectos enmarcados en el programa EASI-EURES:<\/p>\n\n\n\n<ol class=\"wp-block-list\">\n<li>Eures Transfronterizo Extremadura-Alentejo 2024-2026<br>Estado: Aprobado y en ejecuci\u00f3n.<br>Presupuesto: 73.395\u20ac.<br>Cofinanciaci\u00f3n CRESEM: 5% (3.670,00\u20ac).<br>Socios: 10 entidades (5 espa\u00f1olas y 5 portuguesas).<br>Objetivo: dinamizar el mercado laboral y la contrataci\u00f3n entre Espa\u00f1a y Portugal.<br>Actividades Principales: Soporte Empresarial, Intermediaci\u00f3n Laboral, Difusi\u00f3n y Seguimiento para agilizar la movilidad de trabajadores y servicios transfronterizos.<\/li>\n\n\n\n<li>Eures Transfronterizo Extremadura-Alentejo 2026-2028<br>Estado: Aprobado, con inicio previsto para el 01\/07\/2026.<br>Presupuesto: 108.622\u20ac.<br>Cofinanciaci\u00f3n CRESEM: 5% (5.431,00\u20ac).<br>Socios: 10 entidades (5 espa\u00f1olas y 5 portuguesas).<br>Objetivo: dinamizar el mercado laboral y la contrataci\u00f3n entre Espa\u00f1a y Portugal.<br>Actividades Principales: Soporte Empresarial, Intermediaci\u00f3n Laboral, Difusi\u00f3n y Seguimiento para agilizar la movilidad de trabajadores y servicios transfronterizos.<\/li>\n<\/ol>\n","protected":false},"excerpt":{"rendered":"<p>Proyectos enmarcados en el programa EASI-EURES:<\/p>\n","protected":false},"author":1,"featured_media":0,"parent":0,"menu_order":0,"comment_status":"closed","ping_status":"closed","template":"","meta":{"om_disable_all_campaigns":false,"_monsterinsights_skip_tracking":false,"_monsterinsights_sitenote_active":false,"_monsterinsights_sitenote_note":"","_monsterinsights_sitenote_category":0,"site-sidebar-layout":"default","site-content-layout":"","ast-site-content-layout":"default","site-content-style":"default","site-sidebar-style":"default","ast-global-header-display":"","ast-banner-title-visibility":"","ast-main-header-display":"","ast-hfb-above-header-display":"","ast-hfb-below-header-display":"","ast-hfb-mobile-header-display":"","site-post-title":"","ast-breadcrumbs-content":"","ast-featured-img":"","footer-sml-layout":"","ast-disable-related-posts":"","theme-transparent-header-meta":"","adv-header-id-meta":"","stick-header-meta":"","header-above-stick-meta":"","header-main-stick-meta":"","header-below-stick-meta":"","astra-migrate-meta-layouts":"default","ast-page-background-enabled":"default","ast-page-background-meta":{"desktop":{"background-color":"var(--ast-global-color-4)","background-image":"","background-repeat":"repeat","background-position":"center center","background-size":"auto","background-attachment":"scroll","background-type":"","background-media":"","overlay-type":"","overlay-color":"","overlay-opacity":"","overlay-gradient":""},"tablet":{"background-color":"","background-image":"","background-repeat":"repeat","background-position":"center center","background-size":"auto","background-attachment":"scroll","background-type":"","background-media":"","overlay-type":"","overlay-color":"","overlay-opacity":"","overlay-gradient":""},"mobile":{"background-color":"","background-image":"","background-repeat":"repeat","background-position":"center center","background-size":"auto","background-attachment":"scroll","background-type":"","background-media":"","overlay-type":"","overlay-color":"","overlay-opacity":"","overlay-gradient":""}},"ast-content-background-meta":{"desktop":{"background-color":"var(--ast-global-color-5)","background-image":"","background-repeat":"repeat","background-position":"center center","background-size":"auto","background-attachment":"scroll","background-type":"","background-media":"","overlay-type":"","overlay-color":"","overlay-opacity":"","overlay-gradient":""},"tablet":{"background-color":"var(--ast-global-color-5)","background-image":"","background-repeat":"repeat","background-position":"center center","background-size":"auto","background-attachment":"scroll","background-type":"","background-media":"","overlay-type":"","overlay-color":"","overlay-opacity":"","overlay-gradient":""},"mobile":{"background-color":"var(--ast-global-color-5)","background-image":"","background-repeat":"repeat","background-position":"center center","background-size":"auto","background-attachment":"scroll","background-type":"","background-media":"","overlay-type":"","overlay-color":"","overlay-opacity":"","overlay-gradient":""}},"footnotes":""},"class_list":["post-921","page","type-page","status-publish","hentry"],"aioseo_notices":[],"_links":{"self":[{"href":"https:\/\/cresem.es\/fundacion\/index.php?rest_route=\/wp\/v2\/pages\/921","targetHints":{"allow":["GET"]}}],"collection":[{"href":"https:\/\/cresem.es\/fundacion\/index.php?rest_route=\/wp\/v2\/pages"}],"about":[{"href":"https:\/\/cresem.es\/fundacion\/index.php?rest_route=\/wp\/v2\/types\/page"}],"author":[{"embeddable":true,"href":"https:\/\/cresem.es\/fundacion\/index.php?rest_route=\/wp\/v2\/users\/1"}],"replies":[{"embeddable":true,"href":"https:\/\/cresem.es\/fundacion\/index.php?rest_route=%2Fwp%2Fv2%2Fcomments&post=921"}],"version-history":[{"count":0,"href":"https:\/\/cresem.es\/fundacion\/index.php?rest_route=\/wp\/v2\/pages\/921\/revisions"}],"wp:attachment":[{"href":"https:\/\/cresem.es\/fundacion\/index.php?rest_route=%2Fwp%2Fv2%2Fmedia&parent=921"}],"curies":[{"name":"wp","href":"https:\/\/api.w.org\/{rel}","templated":true}]}}