{"id":917,"date":"2026-02-15T22:48:05","date_gmt":"2026-02-15T21:48:05","guid":{"rendered":"https:\/\/cresem.es\/fundacion\/?page_id=917"},"modified":"2026-02-16T10:48:52","modified_gmt":"2026-02-16T09:48:52","slug":"portal-de-transparencia","status":"publish","type":"page","link":"https:\/\/cresem.es\/fundacion\/?page_id=917","title":{"rendered":"Portal de transparencia"},"content":{"rendered":"\n<div style=\"height:149px\" aria-hidden=\"true\" class=\"wp-block-spacer\"><\/div>\n\n\n\n<p><strong>CUENTAS ANUALES<\/strong><\/p>\n\n\n\n<details class=\"wp-block-details is-layout-flow wp-block-details-is-layout-flow\"><summary>CUENTAS ANUALES 2024<\/summary>\n<div data-wp-interactive=\"core\/file\" class=\"wp-block-file\"><object data-wp-bind--hidden=\"!state.hasPdfPreview\" hidden class=\"wp-block-file__embed\" data=\"https:\/\/cresem.es\/fundacion\/wp-content\/uploads\/2026\/02\/CUENTAS-ANUALES-2024.pdf\" type=\"application\/pdf\" style=\"width:100%;height:600px\" aria-label=\"Incrustado de CUENTAS ANUALES 2024.\"><\/object><a id=\"wp-block-file--media-b0cffc6f-cb05-435a-9588-0294f532253b\" href=\"https:\/\/cresem.es\/fundacion\/wp-content\/uploads\/2026\/02\/CUENTAS-ANUALES-2024.pdf\">CUENTAS ANUALES 2024<\/a><a href=\"https:\/\/cresem.es\/fundacion\/wp-content\/uploads\/2026\/02\/CUENTAS-ANUALES-2024.pdf\" class=\"wp-block-file__button wp-element-button\" download aria-describedby=\"wp-block-file--media-b0cffc6f-cb05-435a-9588-0294f532253b\">Descarga<\/a><\/div>\n<\/details>\n\n\n\n<details class=\"wp-block-details is-layout-flow wp-block-details-is-layout-flow\"><summary>CUENTAS ANUALES 2023<\/summary>\n<div data-wp-interactive=\"core\/file\" class=\"wp-block-file\"><object data-wp-bind--hidden=\"!state.hasPdfPreview\" hidden class=\"wp-block-file__embed\" data=\"https:\/\/cresem.es\/fundacion\/wp-content\/uploads\/2026\/02\/CUENTAS-ANUALES-2023.pdf\" type=\"application\/pdf\" style=\"width:100%;height:600px\" aria-label=\"Incrustado de CUENTAS ANUALES 2023.\"><\/object><a id=\"wp-block-file--media-1ce8cbb1-45cf-45f0-b180-63052eeedc26\" href=\"https:\/\/cresem.es\/fundacion\/wp-content\/uploads\/2026\/02\/CUENTAS-ANUALES-2023.pdf\">CUENTAS ANUALES 2023<\/a><a href=\"https:\/\/cresem.es\/fundacion\/wp-content\/uploads\/2026\/02\/CUENTAS-ANUALES-2023.pdf\" class=\"wp-block-file__button wp-element-button\" download aria-describedby=\"wp-block-file--media-1ce8cbb1-45cf-45f0-b180-63052eeedc26\">Descarga<\/a><\/div>\n<\/details>\n\n\n\n<details class=\"wp-block-details is-layout-flow wp-block-details-is-layout-flow\"><summary>CUENTAS ANUALES 2022<\/summary>\n<div data-wp-interactive=\"core\/file\" class=\"wp-block-file\"><object data-wp-bind--hidden=\"!state.hasPdfPreview\" hidden class=\"wp-block-file__embed\" data=\"https:\/\/cresem.es\/fundacion\/wp-content\/uploads\/2026\/02\/CUENTAS-ANUALES-2022.pdf\" type=\"application\/pdf\" style=\"width:100%;height:600px\" aria-label=\"Incrustado de CUENTAS ANUALES 2022.\"><\/object><a id=\"wp-block-file--media-3e5757c9-f00a-453a-b953-391f829cd4f1\" href=\"https:\/\/cresem.es\/fundacion\/wp-content\/uploads\/2026\/02\/CUENTAS-ANUALES-2022.pdf\">CUENTAS ANUALES 2022<\/a><a href=\"https:\/\/cresem.es\/fundacion\/wp-content\/uploads\/2026\/02\/CUENTAS-ANUALES-2022.pdf\" class=\"wp-block-file__button wp-element-button\" download aria-describedby=\"wp-block-file--media-3e5757c9-f00a-453a-b953-391f829cd4f1\">Descarga<\/a><\/div>\n<\/details>\n\n\n\n<hr class=\"wp-block-separator has-alpha-channel-opacity\"\/>\n\n\n\n<p><strong>PRESUPUESTOS<\/strong><\/p>\n\n\n\n<details class=\"wp-block-details is-layout-flow wp-block-details-is-layout-flow\"><summary>PRESUPUESTOS 2026<\/summary>\n<div data-wp-interactive=\"core\/file\" class=\"wp-block-file\"><object data-wp-bind--hidden=\"!state.hasPdfPreview\" hidden class=\"wp-block-file__embed\" data=\"https:\/\/cresem.es\/fundacion\/wp-content\/uploads\/2026\/02\/PRESUPUESTOS-2026.pdf\" type=\"application\/pdf\" style=\"width:100%;height:600px\" aria-label=\"Incrustado de PRESUPUESTOS 2026.\"><\/object><a id=\"wp-block-file--media-05405c77-794b-4d8c-a31d-8e231f7476e5\" href=\"https:\/\/cresem.es\/fundacion\/wp-content\/uploads\/2026\/02\/PRESUPUESTOS-2026.pdf\">PRESUPUESTOS 2026<\/a><a href=\"https:\/\/cresem.es\/fundacion\/wp-content\/uploads\/2026\/02\/PRESUPUESTOS-2026.pdf\" class=\"wp-block-file__button wp-element-button\" download aria-describedby=\"wp-block-file--media-05405c77-794b-4d8c-a31d-8e231f7476e5\">Descarga<\/a><\/div>\n<\/details>\n\n\n\n<details class=\"wp-block-details is-layout-flow wp-block-details-is-layout-flow\"><summary>PRESUPUESTOS 2025<\/summary>\n<div data-wp-interactive=\"core\/file\" class=\"wp-block-file\"><object data-wp-bind--hidden=\"!state.hasPdfPreview\" hidden class=\"wp-block-file__embed\" data=\"https:\/\/cresem.es\/fundacion\/wp-content\/uploads\/2026\/02\/PRESUPUESTO-2025.pdf\" type=\"application\/pdf\" style=\"width:100%;height:600px\" aria-label=\"Incrustado de PRESUPUESTO 2025.\"><\/object><a id=\"wp-block-file--media-7c180b48-1601-4105-b772-dc5fc385d163\" href=\"https:\/\/cresem.es\/fundacion\/wp-content\/uploads\/2026\/02\/PRESUPUESTO-2025.pdf\">PRESUPUESTO 2025<\/a><a href=\"https:\/\/cresem.es\/fundacion\/wp-content\/uploads\/2026\/02\/PRESUPUESTO-2025.pdf\" class=\"wp-block-file__button wp-element-button\" download aria-describedby=\"wp-block-file--media-7c180b48-1601-4105-b772-dc5fc385d163\">Descarga<\/a><\/div>\n<\/details>\n\n\n\n<details class=\"wp-block-details is-layout-flow wp-block-details-is-layout-flow\"><summary>PRESUPUESTOS 2024<\/summary>\n<div data-wp-interactive=\"core\/file\" class=\"wp-block-file\"><object data-wp-bind--hidden=\"!state.hasPdfPreview\" hidden class=\"wp-block-file__embed\" data=\"https:\/\/cresem.es\/fundacion\/wp-content\/uploads\/2026\/02\/PRESUPUESTOS-2024.pdf\" type=\"application\/pdf\" style=\"width:100%;height:600px\" aria-label=\"Incrustado de PRESUPUESTOS 2024.\"><\/object><a id=\"wp-block-file--media-d5ea0b64-3ee9-4265-bc52-bbbadd4475d4\" href=\"https:\/\/cresem.es\/fundacion\/wp-content\/uploads\/2026\/02\/PRESUPUESTOS-2024.pdf\">PRESUPUESTOS 2024<\/a><a href=\"https:\/\/cresem.es\/fundacion\/wp-content\/uploads\/2026\/02\/PRESUPUESTOS-2024.pdf\" class=\"wp-block-file__button wp-element-button\" download aria-describedby=\"wp-block-file--media-d5ea0b64-3ee9-4265-bc52-bbbadd4475d4\">Descarga<\/a><\/div>\n<\/details>\n\n\n\n<hr class=\"wp-block-separator has-alpha-channel-opacity\"\/>\n\n\n\n<p><strong>INFORME RETRIBUCIONES<\/strong><\/p>\n\n\n\n<p><strong>Ejercicio 2024<br><\/strong>Las personas que ostentan la presidencia y la secretar\u00eda general no perciben remuneraci\u00f3n alguna por su cargo.<br>De acuerdo con las cuentas anuales, la remuneraci\u00f3n total devengada en el ejercicio 2024 por el personal de la Fundaci\u00f3n, ascendi\u00f3 a un importe de 31.361,93 euros correspondiente a sueldos, salarios, y costes seguridad social.<br>Durante el ejercicio 2024 no se ha repartido retribuci\u00f3n variable a los miembros del Patronato de la Fundaci\u00f3n. Durante el ejercicio 2024 la Fundaci\u00f3n no ha realizado aportaciones en concepto de fondos o planes de pensiones a favor de actuales miembros del Patronato de la Fundaci\u00f3n. La Fundaci\u00f3n no tiene concedidos pr\u00e9stamos o anticipos a los miembros del Patronato de la Fundaci\u00f3n.<\/p>\n\n\n\n<p><strong>Ejercicio 2023<br><\/strong>Las personas que ostentan la presidencia y la secretar\u00eda general no perciben remuneraci\u00f3n alguna por su cargo.<br>De acuerdo con las cuentas anuales, la remuneraci\u00f3n total devengada en el ejercicio 2023 por el personal de la Fundaci\u00f3n, ascendi\u00f3 a un importe de 35.927,53 euros correspondiente a sueldos, salarios, y costes seguridad social.<br>Durante el ejercicio 2023 no se ha repartido retribuci\u00f3n variable a los miembros del Patronato de la Fundaci\u00f3n. Durante el ejercicio 2023 la Fundaci\u00f3n no ha realizado aportaciones en concepto de fondos o planes de pensiones a favor de actuales miembros del Patronato de la Fundaci\u00f3n. La Fundaci\u00f3n no tiene concedidos pr\u00e9stamos o anticipos a los miembros del Patronato de la Fundaci\u00f3n.<\/p>\n\n\n\n<p><strong>Ejercicio 2022<br><\/strong>Las personas que ostentan la presidencia y la secretar\u00eda general no perciben remuneraci\u00f3n alguna por su cargo.<br>De acuerdo con las cuentas anuales, la remuneraci\u00f3n total devengada en el ejercicio 2022 por el personal de la Fundaci\u00f3n, ascendi\u00f3 a un importe de 59.765,97 euros correspondiente a sueldos, salarios, y costes seguridad social.<br>Durante el ejercicio 2022 no se ha repartido retribuci\u00f3n variable a los miembros del Patronato de la Fundaci\u00f3n. Durante el ejercicio 2022 la Fundaci\u00f3n no ha realizado aportaciones en concepto de fondos o planes de pensiones a favor de actuales miembros del Patronato de la Fundaci\u00f3n. La Fundaci\u00f3n no tiene concedidos pr\u00e9stamos o anticipos a los miembros del Patronato de la Fundaci\u00f3n.<\/p>\n","protected":false},"excerpt":{"rendered":"<p>CUENTAS ANUALES PRESUPUESTOS INFORME RETRIBUCIONES Ejercicio 2024Las personas que ostentan la presidencia y la secretar\u00eda general no perciben remuneraci\u00f3n alguna por su cargo.De acuerdo con las cuentas anuales, la remuneraci\u00f3n total devengada en el ejercicio 2024 por el personal de la Fundaci\u00f3n, ascendi\u00f3 a un importe de 31.361,93 euros correspondiente a sueldos, salarios, y costes [&hellip;]<\/p>\n","protected":false},"author":1,"featured_media":0,"parent":0,"menu_order":0,"comment_status":"closed","ping_status":"closed","template":"","meta":{"om_disable_all_campaigns":false,"_monsterinsights_skip_tracking":false,"_monsterinsights_sitenote_active":false,"_monsterinsights_sitenote_note":"","_monsterinsights_sitenote_category":0,"site-sidebar-layout":"default","site-content-layout":"","ast-site-content-layout":"default","site-content-style":"default","site-sidebar-style":"default","ast-global-header-display":"","ast-banner-title-visibility":"","ast-main-header-display":"","ast-hfb-above-header-display":"","ast-hfb-below-header-display":"","ast-hfb-mobile-header-display":"","site-post-title":"","ast-breadcrumbs-content":"","ast-featured-img":"","footer-sml-layout":"","ast-disable-related-posts":"","theme-transparent-header-meta":"","adv-header-id-meta":"","stick-header-meta":"","header-above-stick-meta":"","header-main-stick-meta":"","header-below-stick-meta":"","astra-migrate-meta-layouts":"default","ast-page-background-enabled":"default","ast-page-background-meta":{"desktop":{"background-color":"var(--ast-global-color-4)","background-image":"","background-repeat":"repeat","background-position":"center center","background-size":"auto","background-attachment":"scroll","background-type":"","background-media":"","overlay-type":"","overlay-color":"","overlay-opacity":"","overlay-gradient":""},"tablet":{"background-color":"","background-image":"","background-repeat":"repeat","background-position":"center center","background-size":"auto","background-attachment":"scroll","background-type":"","background-media":"","overlay-type":"","overlay-color":"","overlay-opacity":"","overlay-gradient":""},"mobile":{"background-color":"","background-image":"","background-repeat":"repeat","background-position":"center center","background-size":"auto","background-attachment":"scroll","background-type":"","background-media":"","overlay-type":"","overlay-color":"","overlay-opacity":"","overlay-gradient":""}},"ast-content-background-meta":{"desktop":{"background-color":"var(--ast-global-color-5)","background-image":"","background-repeat":"repeat","background-position":"center center","background-size":"auto","background-attachment":"scroll","background-type":"","background-media":"","overlay-type":"","overlay-color":"","overlay-opacity":"","overlay-gradient":""},"tablet":{"background-color":"var(--ast-global-color-5)","background-image":"","background-repeat":"repeat","background-position":"center center","background-size":"auto","background-attachment":"scroll","background-type":"","background-media":"","overlay-type":"","overlay-color":"","overlay-opacity":"","overlay-gradient":""},"mobile":{"background-color":"var(--ast-global-color-5)","background-image":"","background-repeat":"repeat","background-position":"center center","background-size":"auto","background-attachment":"scroll","background-type":"","background-media":"","overlay-type":"","overlay-color":"","overlay-opacity":"","overlay-gradient":""}},"footnotes":""},"class_list":["post-917","page","type-page","status-publish","hentry"],"aioseo_notices":[],"_links":{"self":[{"href":"https:\/\/cresem.es\/fundacion\/index.php?rest_route=\/wp\/v2\/pages\/917","targetHints":{"allow":["GET"]}}],"collection":[{"href":"https:\/\/cresem.es\/fundacion\/index.php?rest_route=\/wp\/v2\/pages"}],"about":[{"href":"https:\/\/cresem.es\/fundacion\/index.php?rest_route=\/wp\/v2\/types\/page"}],"author":[{"embeddable":true,"href":"https:\/\/cresem.es\/fundacion\/index.php?rest_route=\/wp\/v2\/users\/1"}],"replies":[{"embeddable":true,"href":"https:\/\/cresem.es\/fundacion\/index.php?rest_route=%2Fwp%2Fv2%2Fcomments&post=917"}],"version-history":[{"count":0,"href":"https:\/\/cresem.es\/fundacion\/index.php?rest_route=\/wp\/v2\/pages\/917\/revisions"}],"wp:attachment":[{"href":"https:\/\/cresem.es\/fundacion\/index.php?rest_route=%2Fwp%2Fv2%2Fmedia&parent=917"}],"curies":[{"name":"wp","href":"https:\/\/api.w.org\/{rel}","templated":true}]}}